{"id":101,"date":"2020-07-01T07:23:58","date_gmt":"2020-07-01T07:23:58","guid":{"rendered":"https:\/\/jupiterx.artbees.net\/yoga-instructor\/?page_id=101"},"modified":"2023-09-06T16:18:03","modified_gmt":"2023-09-06T16:18:03","slug":"donaciones","status":"publish","type":"page","link":"https:\/\/escuelawaldorfraices.com.ar\/index.php\/donaciones\/","title":{"rendered":"Blog"},"content":{"rendered":"\t\t<div data-elementor-type=\"wp-page\" data-elementor-id=\"101\" class=\"elementor elementor-101\">\n\t\t\t\t\t\t<section class=\"elementor-section elementor-top-section elementor-element elementor-element-07a8351 elementor-section-boxed elementor-section-height-default elementor-section-height-default\" data-id=\"07a8351\" data-element_type=\"section\" data-settings=\"{&quot;jet_parallax_layout_list&quot;:[{&quot;jet_parallax_layout_image&quot;:{&quot;url&quot;:&quot;&quot;,&quot;id&quot;:&quot;&quot;,&quot;size&quot;:&quot;&quot;},&quot;_id&quot;:&quot;4701e77&quot;,&quot;jet_parallax_layout_image_tablet&quot;:{&quot;url&quot;:&quot;&quot;,&quot;id&quot;:&quot;&quot;,&quot;size&quot;:&quot;&quot;},&quot;jet_parallax_layout_image_mobile&quot;:{&quot;url&quot;:&quot;&quot;,&quot;id&quot;:&quot;&quot;,&quot;size&quot;:&quot;&quot;},&quot;jet_parallax_layout_speed&quot;:{&quot;unit&quot;:&quot;%&quot;,&quot;size&quot;:50,&quot;sizes&quot;:[]},&quot;jet_parallax_layout_type&quot;:&quot;scroll&quot;,&quot;jet_parallax_layout_direction&quot;:null,&quot;jet_parallax_layout_fx_direction&quot;:null,&quot;jet_parallax_layout_z_index&quot;:&quot;&quot;,&quot;jet_parallax_layout_bg_x&quot;:50,&quot;jet_parallax_layout_bg_x_tablet&quot;:&quot;&quot;,&quot;jet_parallax_layout_bg_x_mobile&quot;:&quot;&quot;,&quot;jet_parallax_layout_bg_y&quot;:50,&quot;jet_parallax_layout_bg_y_tablet&quot;:&quot;&quot;,&quot;jet_parallax_layout_bg_y_mobile&quot;:&quot;&quot;,&quot;jet_parallax_layout_bg_size&quot;:&quot;auto&quot;,&quot;jet_parallax_layout_bg_size_tablet&quot;:&quot;&quot;,&quot;jet_parallax_layout_bg_size_mobile&quot;:&quot;&quot;,&quot;jet_parallax_layout_animation_prop&quot;:&quot;transform&quot;,&quot;jet_parallax_layout_on&quot;:[&quot;desktop&quot;,&quot;tablet&quot;]}],&quot;background_background&quot;:&quot;classic&quot;}\">\n\t\t\t\t\t\t<div class=\"elementor-container elementor-column-gap-no\">\n\t\t\t\t\t<div class=\"elementor-column elementor-col-50 elementor-top-column elementor-element elementor-element-08601f3\" data-id=\"08601f3\" data-element_type=\"column\">\n\t\t\t<div class=\"elementor-widget-wrap elementor-element-populated\">\n\t\t\t\t\t\t<div class=\"elementor-element elementor-element-bd4e2f6 elementor-widget elementor-widget-heading\" data-id=\"bd4e2f6\" data-element_type=\"widget\" data-widget_type=\"heading.default\">\n\t\t\t\t<div class=\"elementor-widget-container\">\n\t\t\t<style>\/*! elementor - v3.23.0 - 05-08-2024 *\/\n.elementor-heading-title{padding:0;margin:0;line-height:1}.elementor-widget-heading .elementor-heading-title[class*=elementor-size-]>a{color:inherit;font-size:inherit;line-height:inherit}.elementor-widget-heading .elementor-heading-title.elementor-size-small{font-size:15px}.elementor-widget-heading .elementor-heading-title.elementor-size-medium{font-size:19px}.elementor-widget-heading .elementor-heading-title.elementor-size-large{font-size:29px}.elementor-widget-heading .elementor-heading-title.elementor-size-xl{font-size:39px}.elementor-widget-heading .elementor-heading-title.elementor-size-xxl{font-size:59px}<\/style><h1 class=\"elementor-heading-title elementor-size-default\">Donaciones <\/h1>\t\t<\/div>\n\t\t\t\t<\/div>\n\t\t\t\t\t<\/div>\n\t\t<\/div>\n\t\t\t\t<div class=\"elementor-column elementor-col-50 elementor-top-column elementor-element elementor-element-9913185\" data-id=\"9913185\" data-element_type=\"column\">\n\t\t\t<div class=\"elementor-widget-wrap elementor-element-populated\">\n\t\t\t\t\t\t<div class=\"elementor-element elementor-element-86ef3b4 elementor-widget elementor-widget-raven-image\" data-id=\"86ef3b4\" data-element_type=\"widget\" data-widget_type=\"raven-image.default\">\n\t\t\t\t<div class=\"elementor-widget-container\">\n\t\t\t\t\t<div class=\"raven-image\">\n\t\t\n\t\t\n\t\t<img fetchpriority=\"high\" decoding=\"async\" width=\"1907\" height=\"1591\" src=\"https:\/\/escuelawaldorfraices.com.ar\/wp-content\/uploads\/2023\/08\/escuelaRaices01-scaled-e1692221866678.jpg\" class=\"attachment-full size-full wp-image-674\" alt=\"\" srcset=\"https:\/\/escuelawaldorfraices.com.ar\/wp-content\/uploads\/2023\/08\/escuelaRaices01-scaled-e1692221866678.jpg 1907w, https:\/\/escuelawaldorfraices.com.ar\/wp-content\/uploads\/2023\/08\/escuelaRaices01-scaled-e1692221866678-300x250.jpg 300w, https:\/\/escuelawaldorfraices.com.ar\/wp-content\/uploads\/2023\/08\/escuelaRaices01-scaled-e1692221866678-1024x854.jpg 1024w, https:\/\/escuelawaldorfraices.com.ar\/wp-content\/uploads\/2023\/08\/escuelaRaices01-scaled-e1692221866678-768x641.jpg 768w, https:\/\/escuelawaldorfraices.com.ar\/wp-content\/uploads\/2023\/08\/escuelaRaices01-scaled-e1692221866678-1536x1281.jpg 1536w\" sizes=\"(max-width: 1907px) 100vw, 1907px\" \/>\t\t<\/div>\n\t\t\t\t<\/div>\n\t\t\t\t<\/div>\n\t\t\t\t\t<\/div>\n\t\t<\/div>\n\t\t\t\t\t<\/div>\n\t\t<\/section>\n\t\t\t\t<section class=\"elementor-section elementor-top-section elementor-element elementor-element-9b5268f elementor-section-boxed elementor-section-height-default elementor-section-height-default\" data-id=\"9b5268f\" data-element_type=\"section\" data-settings=\"{&quot;jet_parallax_layout_list&quot;:[]}\">\n\t\t\t\t\t\t<div class=\"elementor-container elementor-column-gap-default\">\n\t\t\t\t\t<div class=\"elementor-column elementor-col-50 elementor-top-column elementor-element elementor-element-178a3f9\" data-id=\"178a3f9\" data-element_type=\"column\">\n\t\t\t<div class=\"elementor-widget-wrap elementor-element-populated\">\n\t\t\t\t\t\t<div class=\"elementor-element elementor-element-fc49174 elementor-widget elementor-widget-image\" data-id=\"fc49174\" data-element_type=\"widget\" data-widget_type=\"image.default\">\n\t\t\t\t<div class=\"elementor-widget-container\">\n\t\t\t<style>\/*! elementor - v3.23.0 - 05-08-2024 *\/\n.elementor-widget-image{text-align:center}.elementor-widget-image a{display:inline-block}.elementor-widget-image a img[src$=\".svg\"]{width:48px}.elementor-widget-image img{vertical-align:middle;display:inline-block}<\/style>\t\t\t\t\t\t\t\t\t\t<img decoding=\"async\" width=\"768\" height=\"1024\" src=\"https:\/\/escuelawaldorfraices.com.ar\/wp-content\/uploads\/2023\/08\/escuelaRaices07-768x1024.jpg\" class=\"attachment-large size-large wp-image-680\" alt=\"\" srcset=\"https:\/\/escuelawaldorfraices.com.ar\/wp-content\/uploads\/2023\/08\/escuelaRaices07-768x1024.jpg 768w, https:\/\/escuelawaldorfraices.com.ar\/wp-content\/uploads\/2023\/08\/escuelaRaices07-225x300.jpg 225w, https:\/\/escuelawaldorfraices.com.ar\/wp-content\/uploads\/2023\/08\/escuelaRaices07-1152x1536.jpg 1152w, https:\/\/escuelawaldorfraices.com.ar\/wp-content\/uploads\/2023\/08\/escuelaRaices07-1536x2048.jpg 1536w, https:\/\/escuelawaldorfraices.com.ar\/wp-content\/uploads\/2023\/08\/escuelaRaices07-scaled.jpg 1920w\" sizes=\"(max-width: 768px) 100vw, 768px\" \/>\t\t\t\t\t\t\t\t\t\t\t\t\t<\/div>\n\t\t\t\t<\/div>\n\t\t\t\t\t<\/div>\n\t\t<\/div>\n\t\t\t\t<div class=\"elementor-column elementor-col-50 elementor-top-column elementor-element elementor-element-33e5864\" data-id=\"33e5864\" data-element_type=\"column\">\n\t\t\t<div class=\"elementor-widget-wrap elementor-element-populated\">\n\t\t\t\t\t\t<div class=\"elementor-element elementor-element-23c76bb elementor-widget elementor-widget-heading\" data-id=\"23c76bb\" data-element_type=\"widget\" data-widget_type=\"heading.default\">\n\t\t\t\t<div class=\"elementor-widget-container\">\n\t\t\t<h2 class=\"elementor-heading-title elementor-size-default\">Ayudanos a crecer<\/h2>\t\t<\/div>\n\t\t\t\t<\/div>\n\t\t\t\t<div class=\"elementor-element elementor-element-9b0bff8 elementor-widget elementor-widget-text-editor\" data-id=\"9b0bff8\" data-element_type=\"widget\" data-widget_type=\"text-editor.default\">\n\t\t\t\t<div class=\"elementor-widget-container\">\n\t\t\t<style>\/*! elementor - v3.23.0 - 05-08-2024 *\/\n.elementor-widget-text-editor.elementor-drop-cap-view-stacked .elementor-drop-cap{background-color:#69727d;color:#fff}.elementor-widget-text-editor.elementor-drop-cap-view-framed .elementor-drop-cap{color:#69727d;border:3px solid;background-color:transparent}.elementor-widget-text-editor:not(.elementor-drop-cap-view-default) .elementor-drop-cap{margin-top:8px}.elementor-widget-text-editor:not(.elementor-drop-cap-view-default) .elementor-drop-cap-letter{width:1em;height:1em}.elementor-widget-text-editor .elementor-drop-cap{float:left;text-align:center;line-height:1;font-size:50px}.elementor-widget-text-editor .elementor-drop-cap-letter{display:inline-block}<\/style>\t\t\t\t<p><span style=\"font-weight: 400;\">El acto de donar surge del altruismo, donamos a aquella causa que nos conmueve, que nos convoca, que nos emociona.\u00a0<\/span><\/p><p><span style=\"font-weight: 400;\">Poder ser parte de esta iniciativa, construir esta escuela significa hacerlo hoy por nuestros ni\u00f1os\/as, por los de la otra familia y tambi\u00e9n para todos aquellos que vendr\u00e1n.\u00a0<\/span><\/p><p><span style=\"font-weight: 400;\">Esta iniciativa social nos trasciende, a vos, a mi e incluso a mi ni\u00f1o\/a.\u00a0<\/span><\/p><p><span style=\"font-weight: 400;\">El dinero de donaciones decimos que es \u201cc\u00e1lido\u201d y desde la experiencia sabemos, que los peque\u00f1os y peque\u00f1as necesitan calor envolvente.\u00a0<\/span><\/p><p><span style=\"font-weight: 400;\">Es por eso que te invitamos a formar parte de ese manto que protege, gu\u00eda y acompa\u00f1a a la ni\u00f1ez. Donar e invertir en educaci\u00f3n es el legado m\u00e1s enorme que podemos hacer para la construcci\u00f3n de un mundo m\u00e1s bello, libre e igualitario.<\/span><\/p><p><b>\u00bfQu\u00e9 donar? \u00bfC\u00f3mo donar?<\/b><\/p><p><span style=\"font-weight: 400;\">Podes donar materiales que necesitamos para seguir avanzando en la construcci\u00f3n de las aulas de primaria y\/o podes donar dinero, ponete en contacto con nosotros escribi\u00e9ndonos a <a href=\"mailto:echar.raices@escuelawaldorfraices.com.ar\">echar.raices@escuelawaldorfraices.com.ar<\/a><\/span><\/p>\t\t\t\t\t\t<\/div>\n\t\t\t\t<\/div>\n\t\t\t\t\t<\/div>\n\t\t<\/div>\n\t\t\t\t\t<\/div>\n\t\t<\/section>\n\t\t\t\t<\/div>\n\t\t","protected":false},"excerpt":{"rendered":"<p>Donaciones Ayudanos a crecer El acto de donar surge del altruismo, donamos a aquella causa que nos conmueve, que nos convoca, que nos emociona. Poder ser parte de esta iniciativa, construir esta escuela significa hacerlo hoy por nuestros ni\u00f1os\/as, por los de la otra familia y tambi\u00e9n para todos aquellos que vendr\u00e1n. Esta iniciativa social [&hellip;]<\/p>\n","protected":false},"author":1,"featured_media":0,"parent":0,"menu_order":0,"comment_status":"closed","ping_status":"closed","template":"full-width.php","meta":{"_acf_changed":false,"footnotes":""},"class_list":["post-101","page","type-page","status-publish","hentry"],"acf":[],"yoast_head":"<!-- This site is optimized with the Yoast SEO plugin v23.4 - https:\/\/yoast.com\/wordpress\/plugins\/seo\/ -->\n<title>Donaciones - Escuela Waldorf Raices<\/title>\n<meta name=\"description\" content=\"Somos una escuela autogestiva y necesitamos tu apoyo para seguir creciendo. Te invitamos a colaborar con este hermoso proyecto.\" \/>\n<meta name=\"robots\" content=\"index, follow, max-snippet:-1, max-image-preview:large, max-video-preview:-1\" \/>\n<link rel=\"canonical\" href=\"https:\/\/escuelawaldorfraices.com.ar\/index.php\/donaciones\/\" \/>\n<meta property=\"og:locale\" content=\"en_US\" \/>\n<meta property=\"og:type\" content=\"article\" \/>\n<meta property=\"og:title\" content=\"Donaciones - Escuela Waldorf Raices\" \/>\n<meta property=\"og:description\" content=\"Somos una escuela autogestiva y necesitamos tu apoyo para seguir creciendo. Te invitamos a colaborar con este hermoso proyecto.\" \/>\n<meta property=\"og:url\" content=\"https:\/\/escuelawaldorfraices.com.ar\/index.php\/donaciones\/\" \/>\n<meta property=\"og:site_name\" content=\"Escuela Waldorf Raices\" \/>\n<meta property=\"article:publisher\" content=\"https:\/\/www.facebook.com\/waldorfraices\" \/>\n<meta property=\"article:modified_time\" content=\"2023-09-06T16:18:03+00:00\" \/>\n<meta property=\"og:image\" content=\"https:\/\/escuelawaldorfraices.com.ar\/wp-content\/uploads\/2023\/08\/escuelaRaices01-scaled-e1692221866678.jpg\" \/>\n<meta name=\"twitter:card\" content=\"summary_large_image\" \/>\n<meta name=\"twitter:label1\" content=\"Est. reading time\" \/>\n\t<meta name=\"twitter:data1\" content=\"2 minutes\" \/>\n<script type=\"application\/ld+json\" class=\"yoast-schema-graph\">{\"@context\":\"https:\/\/schema.org\",\"@graph\":[{\"@type\":\"WebPage\",\"@id\":\"https:\/\/escuelawaldorfraices.com.ar\/index.php\/donaciones\/\",\"url\":\"https:\/\/escuelawaldorfraices.com.ar\/index.php\/donaciones\/\",\"name\":\"Donaciones - Escuela Waldorf Raices\",\"isPartOf\":{\"@id\":\"https:\/\/escuelawaldorfraices.com.ar\/#website\"},\"primaryImageOfPage\":{\"@id\":\"https:\/\/escuelawaldorfraices.com.ar\/index.php\/donaciones\/#primaryimage\"},\"image\":{\"@id\":\"https:\/\/escuelawaldorfraices.com.ar\/index.php\/donaciones\/#primaryimage\"},\"thumbnailUrl\":\"https:\/\/escuelawaldorfraices.com.ar\/wp-content\/uploads\/2023\/08\/escuelaRaices01-scaled-e1692221866678.jpg\",\"datePublished\":\"2020-07-01T07:23:58+00:00\",\"dateModified\":\"2023-09-06T16:18:03+00:00\",\"description\":\"Somos una escuela autogestiva y necesitamos tu apoyo para seguir creciendo. Te invitamos a colaborar con este hermoso proyecto.\",\"breadcrumb\":{\"@id\":\"https:\/\/escuelawaldorfraices.com.ar\/index.php\/donaciones\/#breadcrumb\"},\"inLanguage\":\"en-US\",\"potentialAction\":[{\"@type\":\"ReadAction\",\"target\":[\"https:\/\/escuelawaldorfraices.com.ar\/index.php\/donaciones\/\"]}]},{\"@type\":\"ImageObject\",\"inLanguage\":\"en-US\",\"@id\":\"https:\/\/escuelawaldorfraices.com.ar\/index.php\/donaciones\/#primaryimage\",\"url\":\"https:\/\/escuelawaldorfraices.com.ar\/wp-content\/uploads\/2023\/08\/escuelaRaices01-scaled-e1692221866678.jpg\",\"contentUrl\":\"https:\/\/escuelawaldorfraices.com.ar\/wp-content\/uploads\/2023\/08\/escuelaRaices01-scaled-e1692221866678.jpg\",\"width\":1907,\"height\":1591},{\"@type\":\"BreadcrumbList\",\"@id\":\"https:\/\/escuelawaldorfraices.com.ar\/index.php\/donaciones\/#breadcrumb\",\"itemListElement\":[{\"@type\":\"ListItem\",\"position\":1,\"name\":\"Home\",\"item\":\"https:\/\/escuelawaldorfraices.com.ar\/\"},{\"@type\":\"ListItem\",\"position\":2,\"name\":\"Blog\"}]},{\"@type\":\"WebSite\",\"@id\":\"https:\/\/escuelawaldorfraices.com.ar\/#website\",\"url\":\"https:\/\/escuelawaldorfraices.com.ar\/\",\"name\":\"Escuela Waldorf Raices\",\"description\":\"Ituzaing\u00f3 \",\"publisher\":{\"@id\":\"https:\/\/escuelawaldorfraices.com.ar\/#organization\"},\"potentialAction\":[{\"@type\":\"SearchAction\",\"target\":{\"@type\":\"EntryPoint\",\"urlTemplate\":\"https:\/\/escuelawaldorfraices.com.ar\/?s={search_term_string}\"},\"query-input\":{\"@type\":\"PropertyValueSpecification\",\"valueRequired\":true,\"valueName\":\"search_term_string\"}}],\"inLanguage\":\"en-US\"},{\"@type\":\"Organization\",\"@id\":\"https:\/\/escuelawaldorfraices.com.ar\/#organization\",\"name\":\"Escuela Waldorf Raices\",\"url\":\"https:\/\/escuelawaldorfraices.com.ar\/\",\"logo\":{\"@type\":\"ImageObject\",\"inLanguage\":\"en-US\",\"@id\":\"https:\/\/escuelawaldorfraices.com.ar\/#\/schema\/logo\/image\/\",\"url\":\"https:\/\/escuelawaldorfraices.com.ar\/wp-content\/uploads\/2023\/08\/LogoVerticalColor.png\",\"contentUrl\":\"https:\/\/escuelawaldorfraices.com.ar\/wp-content\/uploads\/2023\/08\/LogoVerticalColor.png\",\"width\":2481,\"height\":3135,\"caption\":\"Escuela Waldorf Raices\"},\"image\":{\"@id\":\"https:\/\/escuelawaldorfraices.com.ar\/#\/schema\/logo\/image\/\"},\"sameAs\":[\"https:\/\/www.facebook.com\/waldorfraices\",\"https:\/\/www.instagram.com\/escuelawaldorfraices\/\"]}]}<\/script>\n<!-- \/ Yoast SEO plugin. -->","yoast_head_json":{"title":"Donaciones - Escuela Waldorf Raices","description":"Somos una escuela autogestiva y necesitamos tu apoyo para seguir creciendo. Te invitamos a colaborar con este hermoso proyecto.","robots":{"index":"index","follow":"follow","max-snippet":"max-snippet:-1","max-image-preview":"max-image-preview:large","max-video-preview":"max-video-preview:-1"},"canonical":"https:\/\/escuelawaldorfraices.com.ar\/index.php\/donaciones\/","og_locale":"en_US","og_type":"article","og_title":"Donaciones - Escuela Waldorf Raices","og_description":"Somos una escuela autogestiva y necesitamos tu apoyo para seguir creciendo. Te invitamos a colaborar con este hermoso proyecto.","og_url":"https:\/\/escuelawaldorfraices.com.ar\/index.php\/donaciones\/","og_site_name":"Escuela Waldorf Raices","article_publisher":"https:\/\/www.facebook.com\/waldorfraices","article_modified_time":"2023-09-06T16:18:03+00:00","og_image":[{"url":"https:\/\/escuelawaldorfraices.com.ar\/wp-content\/uploads\/2023\/08\/escuelaRaices01-scaled-e1692221866678.jpg"}],"twitter_card":"summary_large_image","twitter_misc":{"Est. reading time":"2 minutes"},"schema":{"@context":"https:\/\/schema.org","@graph":[{"@type":"WebPage","@id":"https:\/\/escuelawaldorfraices.com.ar\/index.php\/donaciones\/","url":"https:\/\/escuelawaldorfraices.com.ar\/index.php\/donaciones\/","name":"Donaciones - Escuela Waldorf Raices","isPartOf":{"@id":"https:\/\/escuelawaldorfraices.com.ar\/#website"},"primaryImageOfPage":{"@id":"https:\/\/escuelawaldorfraices.com.ar\/index.php\/donaciones\/#primaryimage"},"image":{"@id":"https:\/\/escuelawaldorfraices.com.ar\/index.php\/donaciones\/#primaryimage"},"thumbnailUrl":"https:\/\/escuelawaldorfraices.com.ar\/wp-content\/uploads\/2023\/08\/escuelaRaices01-scaled-e1692221866678.jpg","datePublished":"2020-07-01T07:23:58+00:00","dateModified":"2023-09-06T16:18:03+00:00","description":"Somos una escuela autogestiva y necesitamos tu apoyo para seguir creciendo. Te invitamos a colaborar con este hermoso proyecto.","breadcrumb":{"@id":"https:\/\/escuelawaldorfraices.com.ar\/index.php\/donaciones\/#breadcrumb"},"inLanguage":"en-US","potentialAction":[{"@type":"ReadAction","target":["https:\/\/escuelawaldorfraices.com.ar\/index.php\/donaciones\/"]}]},{"@type":"ImageObject","inLanguage":"en-US","@id":"https:\/\/escuelawaldorfraices.com.ar\/index.php\/donaciones\/#primaryimage","url":"https:\/\/escuelawaldorfraices.com.ar\/wp-content\/uploads\/2023\/08\/escuelaRaices01-scaled-e1692221866678.jpg","contentUrl":"https:\/\/escuelawaldorfraices.com.ar\/wp-content\/uploads\/2023\/08\/escuelaRaices01-scaled-e1692221866678.jpg","width":1907,"height":1591},{"@type":"BreadcrumbList","@id":"https:\/\/escuelawaldorfraices.com.ar\/index.php\/donaciones\/#breadcrumb","itemListElement":[{"@type":"ListItem","position":1,"name":"Home","item":"https:\/\/escuelawaldorfraices.com.ar\/"},{"@type":"ListItem","position":2,"name":"Blog"}]},{"@type":"WebSite","@id":"https:\/\/escuelawaldorfraices.com.ar\/#website","url":"https:\/\/escuelawaldorfraices.com.ar\/","name":"Escuela Waldorf Raices","description":"Ituzaing\u00f3 ","publisher":{"@id":"https:\/\/escuelawaldorfraices.com.ar\/#organization"},"potentialAction":[{"@type":"SearchAction","target":{"@type":"EntryPoint","urlTemplate":"https:\/\/escuelawaldorfraices.com.ar\/?s={search_term_string}"},"query-input":{"@type":"PropertyValueSpecification","valueRequired":true,"valueName":"search_term_string"}}],"inLanguage":"en-US"},{"@type":"Organization","@id":"https:\/\/escuelawaldorfraices.com.ar\/#organization","name":"Escuela Waldorf Raices","url":"https:\/\/escuelawaldorfraices.com.ar\/","logo":{"@type":"ImageObject","inLanguage":"en-US","@id":"https:\/\/escuelawaldorfraices.com.ar\/#\/schema\/logo\/image\/","url":"https:\/\/escuelawaldorfraices.com.ar\/wp-content\/uploads\/2023\/08\/LogoVerticalColor.png","contentUrl":"https:\/\/escuelawaldorfraices.com.ar\/wp-content\/uploads\/2023\/08\/LogoVerticalColor.png","width":2481,"height":3135,"caption":"Escuela Waldorf Raices"},"image":{"@id":"https:\/\/escuelawaldorfraices.com.ar\/#\/schema\/logo\/image\/"},"sameAs":["https:\/\/www.facebook.com\/waldorfraices","https:\/\/www.instagram.com\/escuelawaldorfraices\/"]}]}},"_links":{"self":[{"href":"https:\/\/escuelawaldorfraices.com.ar\/index.php\/wp-json\/wp\/v2\/pages\/101","targetHints":{"allow":["GET"]}}],"collection":[{"href":"https:\/\/escuelawaldorfraices.com.ar\/index.php\/wp-json\/wp\/v2\/pages"}],"about":[{"href":"https:\/\/escuelawaldorfraices.com.ar\/index.php\/wp-json\/wp\/v2\/types\/page"}],"author":[{"embeddable":true,"href":"https:\/\/escuelawaldorfraices.com.ar\/index.php\/wp-json\/wp\/v2\/users\/1"}],"replies":[{"embeddable":true,"href":"https:\/\/escuelawaldorfraices.com.ar\/index.php\/wp-json\/wp\/v2\/comments?post=101"}],"version-history":[{"count":51,"href":"https:\/\/escuelawaldorfraices.com.ar\/index.php\/wp-json\/wp\/v2\/pages\/101\/revisions"}],"predecessor-version":[{"id":1029,"href":"https:\/\/escuelawaldorfraices.com.ar\/index.php\/wp-json\/wp\/v2\/pages\/101\/revisions\/1029"}],"wp:attachment":[{"href":"https:\/\/escuelawaldorfraices.com.ar\/index.php\/wp-json\/wp\/v2\/media?parent=101"}],"curies":[{"name":"wp","href":"https:\/\/api.w.org\/{rel}","templated":true}]}}